{"id":25,"date":"2025-04-25T21:54:11","date_gmt":"2025-04-25T19:54:11","guid":{"rendered":"https:\/\/www.fv-fussballjugend-wl.de\/?page_id=25"},"modified":"2025-08-26T20:31:30","modified_gmt":"2025-08-26T18:31:30","slug":"der-verein","status":"publish","type":"page","link":"https:\/\/www.fv-fussballjugend-wl.de\/?page_id=25","title":{"rendered":"Der Verein"},"content":{"rendered":"\n<p>Der F\u00f6rderverein der Winsener Fu\u00dfballjugend wurde im Jahr 2025 von engagierten Eltern der damaligen U10-Fu\u00dfballmannschaft des TSV Winsen (Luhe) von 1850 e. V. gegr\u00fcndet, um die Nachwuchsarbeit des Vereins nachhaltig zu unterst\u00fctzen. Unsere Motivation ist einfach: Wir m\u00f6chten jungen Fu\u00dfballern und Fu\u00dfballerinnen beste Voraussetzungen bieten, um sich sportlich zu entfalten und wichtige Werte wie Teamgeist, Fairness und Respekt zu erleben.<\/p>\n\n\n\n<p>Wir sind ein Zusammenschluss engagierter Eltern, die mit Herzblut daran arbeiten, das Jugendfu\u00dfballangebot kontinuierlich zu verbessern. Dabei setzen wir uns f\u00fcr eine optimale Ausstattung, qualifizierte Trainer, spannende Turniere und soziale F\u00f6rderung ein.<\/p>\n\n\n\n<p>Unser Ziel ist es, den Jugendfu\u00dfball in Winsen nicht nur leistungsorientiert, sondern vor allem auch gemeinschaftlich und nachhaltig zu gestalten \u2013 so, dass jeder Nachwuchsspieler und jede Nachwuchsspielerin von unserem Engagement profitiert.<\/p>\n\n\n\n<p>Wer wir sind:<\/p>\n\n\n\n<ul class=\"wp-block-list\">\n<li>Ehrenamtliche Mitglieder mit Leidenschaft f\u00fcr den Fu\u00dfball und die Jugendf\u00f6rderung<\/li>\n\n\n\n<li>Partner f\u00fcr Vereine, Schulen und lokale Unterst\u00fctzer<\/li>\n\n\n\n<li>F\u00f6rderer von Nachwuchstalenten und Gemeinschaft<\/li>\n<\/ul>\n\n\n\n<p>Wenn auch du die Zukunft unseres Jugendfu\u00dfballs mit gestalten m\u00f6chtest, freuen wir uns \u00fcber deine Unterst\u00fctzung!<\/p>\n","protected":false},"excerpt":{"rendered":"<p>Der F\u00f6rderverein der Winsener Fu\u00dfballjugend wurde im Jahr 2025 von engagierten Eltern der damaligen U10-Fu\u00dfballmannschaft des TSV Winsen (Luhe) von 1850 e. V. gegr\u00fcndet, um die Nachwuchsarbeit des Vereins nachhaltig zu unterst\u00fctzen. Unsere Motivation ist einfach: Wir m\u00f6chten jungen Fu\u00dfballern und Fu\u00dfballerinnen beste Voraussetzungen bieten, um sich sportlich zu entfalten und wichtige Werte wie Teamgeist, [&hellip;]<\/p>\n","protected":false},"author":1,"featured_media":0,"parent":0,"menu_order":0,"comment_status":"closed","ping_status":"closed","template":"","meta":{"footnotes":""},"class_list":["post-25","page","type-page","status-publish","hentry"],"_links":{"self":[{"href":"https:\/\/www.fv-fussballjugend-wl.de\/index.php?rest_route=\/wp\/v2\/pages\/25","targetHints":{"allow":["GET"]}}],"collection":[{"href":"https:\/\/www.fv-fussballjugend-wl.de\/index.php?rest_route=\/wp\/v2\/pages"}],"about":[{"href":"https:\/\/www.fv-fussballjugend-wl.de\/index.php?rest_route=\/wp\/v2\/types\/page"}],"author":[{"embeddable":true,"href":"https:\/\/www.fv-fussballjugend-wl.de\/index.php?rest_route=\/wp\/v2\/users\/1"}],"replies":[{"embeddable":true,"href":"https:\/\/www.fv-fussballjugend-wl.de\/index.php?rest_route=%2Fwp%2Fv2%2Fcomments&post=25"}],"version-history":[{"count":2,"href":"https:\/\/www.fv-fussballjugend-wl.de\/index.php?rest_route=\/wp\/v2\/pages\/25\/revisions"}],"predecessor-version":[{"id":220,"href":"https:\/\/www.fv-fussballjugend-wl.de\/index.php?rest_route=\/wp\/v2\/pages\/25\/revisions\/220"}],"wp:attachment":[{"href":"https:\/\/www.fv-fussballjugend-wl.de\/index.php?rest_route=%2Fwp%2Fv2%2Fmedia&parent=25"}],"curies":[{"name":"wp","href":"https:\/\/api.w.org\/{rel}","templated":true}]}}